-3*d + h*y. Suppose d*x = 6*x - 78. What are the prime factors of x?
3, 13
Let z(c) be the third derivative of -c**3/6 - 12*c**2. Let s(i) = 6*i + 18. Let v(b) = -2*s(b) - 22*z(b). What are the prime factors of v(-7)?
2, 5, 7
Suppose 0 = 2*g - n - 2*n - 2017, 3*n = 4*g - 4043. What are the prime factors of g?
1013
Let t(p) = p - 12. Suppose 7*h + 10 = 2*h, -10 = -i + 3*h. Suppose -3*s = -i*s + 15. What are the prime factors of t(s)?
3
Let p = 711 + -476. Let q = p - 164. Let y = q + -50. What are the prime factors of y?
3, 7
Suppose -12 = -3*u, 5*w + 0 = 3*u - 2. Let n(y) = -3 + 4*y - 5*y - 5*y - y**w - 2. List the prime factors of n(-4).
3
Let x(q) = -13*q + 3. Let l be x(-5). Suppose 313 = 5*n - k, 0 = 2*n - 3*n + 2*k + l. List the prime factors of n.
2, 31
Let x be -8 + 5 + (2 - 2) + 250. Suppose -2*h + 2*q + 102 = 0, -5*h = -q - 2*q - x. What are the prime factors of h?
47
What are the prime factors of 4/6 + 67/3?
23
Suppose -3*b - h = -1253, b - 74 = 5*h + 333. List the prime factors of b.
3, 139
Let i(z) be the third derivative of 23*z**6/120 - z**5/30 + z**4/6 - 2*z**3/3 - 17*z**2. List the prime factors of i(2).
2, 3, 5
Let a = -362 - -390. List the prime factors of a.
2, 7
Suppose -180 = -2*d + 4*r, 0 = 5*d - 3*r - 148 - 316. What are the prime factors of d?
2, 47
Suppose 0 = -5*s - 42 + 7. Let w(y) = y**2 + 7*y + 2. Let f be w(s). Suppose 0 = -5*c + m + 268, -3*c + 3*m = f*c - 264. List the prime factors of c.
2, 3
Let v = 8 + -5. Suppose -r - v*c = r - 303, 0 = -2*r + c + 283. What are the prime factors of r?
2, 3
Suppose -10*a + 21 = -19. What are the prime factors of a/(-14) - 11856/(-91)?
2, 5, 13
Suppose -205 + 31 = -2*l. Suppose 0 = 23*x - 26*x + l. List the prime factors of x.
29
List the prime factors of (1/2)/((-46)/(-12972)).
3, 47
Let i(z) = 2*z + 16. Let u be i(11). Let h be 6/(-27) + u/9. Suppose x + r = 21, 0*x - h*x = r - 96. List the prime factors of x.
5
Let f(n) = 14*n. Let q be f(1). Suppose 2*y + 3*w + q = 56, -2*y = 2*w - 42. What are the prime factors of y?
3, 7
Let s = -2201 - -4702. What are the prime factors of s?
41, 61
Let f = -145 + 205. List the prime factors of (-24)/f - 227/(-5).
3, 5
Let a be 2/3*(-9)/2 + -1. Let c(p) = -2*p**3 - 3*p**2 + 2*p - 3. List the prime factors of c(a).
3, 23
Let y be 11/(-55) + 36/5. Let s = 30 - y. Suppose -p = 6 - s. What are the prime factors of p?
17
Suppose -2*a - 6 = 0, 3*a - 5*a - 4509 = -3*l. List the prime factors of l.
19, 79
Let y(j) = j**3 - 2*j**2 - 4*j - 2. Let x be y(-2). Suppose -5*u - 182 = 2*u. Let c = x - u. List the prime factors of c.
2
Let y(u) = 5*u - 13. Let h be 42*(-2)/(1 + -7). What are the prime factors of y(h)?
3, 19
Suppose 0 = 2*j - j - 2*i - 1259, -3*i = -5*j + 6316. Suppose 5*o + 170 = j. What are the prime factors of o?
3, 73
Suppose 3*h - p - 738 = 0, -3*p - 1247 = -5*h - 7*p. List the prime factors of h.
13, 19
Let n(g) = g**2 - 12*g - 10. Let j be n(13). Suppose j*t - 255 = -2*t. What are the prime factors of t?
3, 17
Let l(z) = 3*z**2 - 33*z - 19. List the prime factors of l(-6).
7, 41
Suppose 645 = -25*k + 10*k. Let c = -34 - 27. Let x = k - c. What are the prime factors of x?
2, 3
Suppose 3*s - 2*w = -11, -4*s = -w + 13 - 5. Let n = 3 + -6. Let m = s - n. List the prime factors of m.
2
Suppose 0 = -u - 0*u - 6. Let m = u - -11. Let z = m - -23. List the prime factors of z.
2, 7
Let s be (-1568)/(-12) - 8/12. Suppose 5*k = 4*k + s. List the prime factors of k.
2, 5, 13
Let j be 0 - (3 + (-2)/(-1)). Let z = 7 + j. Suppose -3*l + 26 = z. What are the prime factors of l?
2
Let w be (5 + -4)*(-2)/(-1). Suppose m - 185 = -w*o, 4*o - 144 = -m + 227. What are the prime factors of o?
3, 31
Let v(u) = u**2 - 11. Let i be v(-5). Suppose -n - n + i = 0. What are the prime factors of n?
7
Let k be 16/24 - ((-14)/6 - 1). Suppose k*g = y + y - 128, 3*g = -9. What are the prime factors of y?
2, 29
What are the prime factors of 8846/4 - 833/238?
2, 3, 23
Let h be (-2)/4 - 7/(-2). Suppose 4*a = -y + 244, 8*a - 4*a - y = 252. Suppose -a = -h*s - 17. List the prime factors of s.
3, 5
Suppose 8868 + 1797 = 15*v. What are the prime factors of v?
3, 79
Suppose 2*f = -f + 108. Let y = f + -27. List the prime factors of y.
3
Suppose -s + 2*s - 67 = 0. Let c = -29 + s. What are the prime factors of c?
2, 19
Let f(l) = l**2 - 12*l + 11. Let g be f(8). Let q be g/(-14)*16/6. Let z(i) = -i + 6. What are the prime factors of z(q)?
2
Let q(u) = u**2 - u + 5. Let s be q(0). Suppose 14 = s*t - 1. Suppose 0 = t*i - i - 12. List the prime factors of i.
2, 3
Suppose 335 = 3*g - 2308. What are the prime factors of g?
881
Let x be (-8)/28 + (-30)/(-7). Suppose -x*v + 8 = 4. Let t = v + 3. List the prime factors of t.
2
Suppose 0 = -g + 2 - 5, -g = 2*l - 317. Suppose -6*k + l = -2*k. What are the prime factors of k?
2, 5
Let y = 1496 + -1244. List the prime factors of y.
2, 3, 7
Let k = 11 - -4. Let z = k + -9. Suppose -z - 13 = -l. List the prime factors of l.
19
Suppose -3251 = -29*q - 728. What are the prime factors of q?
3, 29
What are the prime factors of (-92232)/(-81) - (-4)/12?
17, 67
Let d(z) = 23*z**2 - 5*z - 12. What are the prime factors of d(-6)?
2, 3, 47
Let m(j) = -j**3 - 18*j**2 - 18*j + 1. Let h be m(-17). Suppose 0 = 4*k - 55 + 11. Let p = k + h. List the prime factors of p.
29
Let g(i) be the first derivative of -i**3/6 + i**2 - 3*i - 6. Let l(b) be the first derivative of g(b). List the prime factors of l(-9).
11
Let x = -1083 - -1076. Let p(s) = 9 + 8*s + s**2 + 5*s - 5*s. What are the prime factors of p(x)?
2
Suppose 5*i = -5*j + 5, 4*i - 1 = -4*j + 3*j. Suppose y + i*y = 2, 5*r + 5*y - 35 = 0. What are the prime factors of (-10 + r)*(-10 - 1)?
5, 11
Suppose 0 = 4*r + 4*r - 2640. List the prime factors of r.
2, 3, 5, 11
Let g be (-18)/(-12)*((-8)/(-6) + 0). Let y(p) = 67*p + 6. What are the prime factors of y(g)?
2, 5, 7
What are the prime factors of (4 + (-30)/6)*3 - -4015?
2, 17, 59
Suppose -5*l + 2*l + 12 = 0. Suppose -3*k = k + 2*w - l, 0 = -5*k - 3*w + 6. Let f(g) = -g**3 + g**2 - g + 23. What are the prime factors of f(k)?
23
Let u(i) = -i**2 - 8*i + 5. Let m be u(-9). Let y(n) = -52*n + 6. What are the prime factors of y(m)?
2, 107
Suppose -s = 3*i - 2, 2*i = 5*s - 0*i - 61. Let a = s + -8. Suppose 4*r + 62 = a*d - r, 5*r = -4*d + 141. List the prime factors of d.
29
Suppose -f = 5*l - 580, 4*f = -5*l + 328 + 267. Let i = l + -24. List the prime factors of i.
7, 13
Let q(v) = 34*v**2 - 8*v + 29. What are the prime factors of q(-6)?
1301
Let d = -289 + 347. List the prime factors of d.
2, 29
Suppose 5*c - 43 = 2. What are the prime factors of (13 + -10)/(c/258)?
2, 43
Let w(y) = -18*y - 12. Suppose -n + 13 = -r, 2*r + 3*n - 29 = 4*r. Let m(x) = 6*x + 4. Let a(t) = r*m(t) - 3*w(t). List the prime factors of a(-4).
2, 5
Let s = 103 - 78. Suppose 28*y - 477 = s*y. What are the prime factors of y?
3, 53
Let s be 4*-2 + 4 + 10. Suppose s*h - h = 0. Suppose 2*p - 7 - 11 = h. What are the prime factors of p?
3
Suppose h = -2*o + 3, -3*o + o - 3 = -h. Suppose 0 = -s - o*s - 45. Let c = s + 76. What are the prime factors of c?
31
Let l(t) = -365*t - 55. List the prime factors of l(-11).
2, 3, 5, 11
Suppose -5*s - 26*t + 7140 = -22*t, s - 4*t = 1404. List the prime factors of s.
2, 89
Let z(c) = 3*c**2 - 3*c + 123. What are the prime factors of z(10)?
3, 131
Let b(o) = o - 13. Let q be b(16). Suppose -1169 = -5*m - 2*f, -936 = -4*m - 5*f + q*f. What are the prime factors of m?
233
Suppose -2*z = z + 432. Suppose -2*k = 67 + 137. Let r = k - z. List the prime factors of r.
2, 3, 7
Let t(v) = 312*v**2 - 12*v - 9. What are the prime factors of t(-3)?
3, 5, 7
Let k(t) = -t**3 + 7*t**2 + t + 5. Let w = -39 + 46. What are the prime factors of k(w)?
2, 3
Suppose 5*a - 21 = -i, -10*a + 5*a + 23 = 3*i. Suppose 3*t - 169 = -f, -2*t = -3*f + a*f - 169. List the prime factors of f.
13
Suppose 21*n - 25*n = -6304. Suppose -376 = -8*z + n. List the prime factors of z.
2, 61
Suppose 3*t = -2*t + 1750. Suppose -4 - t = -6*z. What are the prime factors of z?
59
Let m(s) = -s**2 - 24*s - 11. Let x be m(-24). Suppose -n = -4*f + 61 + 16, 0 = 2*n + 2. Let h = x + f. List the prime factors of h.
2
Suppose 3*d + 1608 = 4*n, 3*n + 5*d - 292 = 885. List the prime factors of n